19, 1097
List the prime factors of 513603.
3, 149, 383
List the prime factors of 2300285.
5, 13, 43, 823
What are the prime factors of 640294?
2, 389, 823
What are the prime factors of 7129752?
2, 3, 7, 31, 37
What are the prime factors of 282777?
3, 11, 19, 41
What are the prime factors of 6235947?
3, 167, 461
What are the prime factors of 7322742?
2, 3, 7, 89, 653
List the prime factors of 2025676.
2, 37, 13687
What are the prime factors of 5383614?
2, 3, 897269
List the prime factors of 5101678.
2, 73, 83, 421
List the prime factors of 441808.
2, 53, 521
What are the prime factors of 499580?
2, 5, 24979
List the prime factors of 3465931.
7, 495133
What are the prime factors of 222459?
3, 29, 2557
What are the prime factors of 1080518?
2, 523, 1033
What are the prime factors of 326635?
5, 65327
List the prime factors of 169747.
199, 853
What are the prime factors of 12523514?
2, 1487, 4211
List the prime factors of 6708823.
11, 587, 1039
What are the prime factors of 382191?
3, 23, 29, 191
What are the prime factors of 4298400?
2, 3, 5, 199
List the prime factors of 18952526.
2, 1741, 5443
List the prime factors of 374408.
2, 17, 2753
List the prime factors of 22138169.
113, 195913
What are the prime factors of 1436611?
11, 61, 2141
List the prime factors of 5666863.
773, 7331
What are the prime factors of 16374?
2, 3, 2729
List the prime factors of 1261277.
19, 66383
List the prime factors of 7528336.
2, 470521
List the prime factors of 24249999.
3, 101, 163, 491
List the prime factors of 7936076.
2, 17, 116707
What are the prime factors of 847717?
13, 61, 1069
List the prime factors of 5656996.
2, 71, 19919
What are the prime factors of 340876?
2, 31, 2749
List the prime factors of 9992.
2, 1249
What are the prime factors of 189721?
7, 27103
List the prime factors of 2387044.
2, 11, 54251
List the prime factors of 14632437.
3, 313, 15583
What are the prime factors of 117839?
117839
What are the prime factors of 6445113?
3, 89, 101, 239
What are the prime factors of 717323?
717323
List the prime factors of 14500820.
2, 5, 725041
List the prime factors of 103566.
2, 3, 41, 421
What are the prime factors of 878058?
2, 3, 48781
What are the prime factors of 1045955?
5, 53, 3947
List the prime factors of 103344.
2, 3, 2153
List the prime factors of 4667691.
3, 7, 113, 281
What are the prime factors of 6264332?
2, 1566083
What are the prime factors of 340255?
5, 17, 4003
What are the prime factors of 1283668?
2, 269, 1193
What are the prime factors of 5165763?
3, 1721921
List the prime factors of 20641113.
3, 1009, 2273
What are the prime factors of 162762?
2, 3, 27127
What are the prime factors of 4458173?
337, 13229
What are the prime factors of 12274589?
19, 223, 2897
List the prime factors of 323024.
2, 13, 1553
List the prime factors of 2730793.
13, 79, 2659
List the prime factors of 81912.
2, 3, 3413
List the prime factors of 147931.
7, 3019
What are the prime factors of 719302?
2, 19, 23, 823
List the prime factors of 8543.
8543
What are the prime factors of 479314?
2, 11, 21787
List the prime factors of 630565.
5, 13, 89, 109
What are the prime factors of 542789?
13, 43, 971
List the prime factors of 1784.
2, 223
What are the prime factors of 317580?
2, 3, 5, 67, 79
What are the prime factors of 27314077?
7, 19, 41, 5009
What are the prime factors of 6557430?
2, 3, 5, 11, 31, 641
What are the prime factors of 148960?
2, 5, 7, 19
List the prime factors of 194796.
2, 3, 7, 773
What are the prime factors of 12429153?
3, 11, 41849
List the prime factors of 2765511.
3, 7, 6271
What are the prime factors of 267755?
5, 53551
List the prime factors of 128800.
2, 5, 7, 23
What are the prime factors of 190670?
2, 5, 23, 829
What are the prime factors of 2283391?
11, 113, 167
List the prime factors of 100676.
2, 25169
What are the prime factors of 5289028?
2, 1322257
What are the prime factors of 410496?
2, 3, 1069
What are the prime factors of 409997?
7, 37, 1583
What are the prime factors of 68439?
3, 7, 3259
What are the prime factors of 88069?
88069
List the prime factors of 1816062.
2, 3, 43, 7039
List the prime factors of 853227.
3, 31601
List the prime factors of 21781.
23, 947
List the prime factors of 7864033.
7864033
What are the prime factors of 1335294?
2, 3, 31, 2393
What are the prime factors of 4226189?
11, 19, 73, 277
What are the prime factors of 67844?
2, 7, 2423
What are the prime factors of 1282835?
5, 256567
What are the prime factors of 3822617?
1409, 2713
List the prime factors of 142877.
7, 20411
List the prime factors of 13976037.
3, 431, 1201
List the prime factors of 5008752.
2, 3, 7, 4969
List the prime factors of 4244559.
3, 11, 1063
List the prime factors of 5573458.
2, 11, 37, 41, 167
What are the prime factors of 1271155?
5, 31, 59, 139
List the prime factors of 41101012.
2, 1583, 6491
What are the prime factors of 748356?
2, 3, 7, 59, 151
What are the prime factors of 205859?
139, 1481
What are the prime factors of 1374907?
67, 20521
What are the prime factors of 5726978?
2, 29, 293, 337
What are the prime factors of 13527397?
13, 181, 5749
List the prime factors of 4349914.
2, 509, 4273
List the prime factors of 264158.
2, 269, 491
List the prime factors of 14603140.
2, 5, 730157
List the prime factors of 6733063.
263, 25601
List the prime factors of 4128579.
3, 7, 13, 71
What are the prime factors of 393187?
393187
List the prime factors of 591017.
7, 84431
What are the prime factors of 3814455?
3, 5, 109, 2333
List the prime factors of 13395.
3, 5, 19, 47
List the prime factors of 1149675.
3, 5, 15329
What are the prime factors of 2112156?
2, 3, 41, 53
What are the prime factors of 4107993?
3, 59, 23209
List the prime factors of 493739.
131, 3769
What are the prime factors of 5307360?
2, 3, 5, 11057
What are the prime factors of 587425?
5, 23497
What are the prime factors of 1172830?
2, 5, 17, 6899
What are the prime factors of 1484063?
7, 31, 977
What are the prime factors of 35253553?
35253553
What are the prime factors of 6834673?
71, 96263
List the prime factors of 223350.
2, 3, 5, 1489
What are the prime factors of 4203662?
2, 31, 67801
What are the prime factors of 8286868?
2, 53, 39089
List the prime factors of 7992769.
61, 283, 463
What are the prime factors of 838565?
5, 7, 13, 19, 97
What are the prime factors of 2395449?
3, 7, 47, 809
List the prime factors of 25985.
5, 5197
List the prime factors of 421845.
3, 5, 28123
What are the prime factors of 1456696?
2, 17, 10711
What are the prime factors of 1084444?
2, 19, 751
List the prime factors of 1339755.
3, 5, 89317
List the prime factors of 339711.
3, 17, 6661
List the prime factors of 432074.
2, 216037
List the prime factors of 15222116.
2, 7, 13, 19, 31, 71
What are the prime factors of 208552?
2, 131, 199
List the prime factors of 15441803.
13, 47, 127, 199
What are the prime factors of 9987024?
2, 3, 17, 12239
List the prime factors of 1066636.
2, 37, 7207
What are the prime factors of 731106?
2, 3, 4513
What are the prime factors of 8977888?
2, 157, 1787
What are the prime factors of 247100?
2, 5, 7, 353
List the prime factors of 2272564.
2, 7, 81163
What are the prime factors of 775204?
2, 43, 4507
List the prime factors of 186484.
2, 23, 2027
What are the prime factors of 890046?
2, 3, 197, 251
List the prime factors of 4005635.
5, 801127
What are the prime factors of 151865?
5, 7, 4339
What are the prime factors of 381348?
2, 3, 11, 107
List the prime factors of 13117023.
3, 53, 107, 257
List the prime factors of 17444115.
3, 5, 13, 29819
List the prime factors of 133779.
3, 19, 2347
List the prime factors of 965891.
197, 4903
What are the prime factors of 13431309?
3, 17, 19, 83, 167
What are the prime factors of 1690251?
3, 563417
List the prime factors of 961060.
2, 5, 29, 1657
What are the prime factors of 611333?
611333
List the prime factors of 284876.
2, 229, 311
What are the prime factors of 213598?
2, 7, 11, 19, 73
List the prime factors of 106213.
106213
What are the prime factors of 835909?
835909
What are the prime factors of 346638?
2, 3, 57773
What are the prime factors of 2420456?
2, 29, 10433
What are the prime factors of 47221?
47221
List the prime factors of 724557.
3, 17, 14207
What are the prime factors of 940856?
2, 7